{"id":329,"date":"2019-05-04T10:30:26","date_gmt":"2019-05-04T10:30:26","guid":{"rendered":"http:\/\/kmaa.at\/?page_id=329"},"modified":"2023-04-06T12:22:22","modified_gmt":"2023-04-06T10:22:22","slug":"kukkiwon-danprufungen","status":"publish","type":"page","link":"https:\/\/www.kmaa.at\/index.php\/kukkiwon-danprufungen\/","title":{"rendered":"Kukkiwon Dan-Pr\u00fcfungen"},"content":{"rendered":"<p><img loading=\"lazy\" decoding=\"async\" class=\"size-medium wp-image-330 alignleft\" src=\"https:\/\/www.kmaa.at\/wp-content\/uploads\/2019\/05\/9.Dan-Urkunde-300x224-300x224.jpg\" alt=\"\" width=\"300\" height=\"224\" \/><\/p>\n<p>Das Kukkiwon verleiht und administriert s\u00e4mtliche Dan-Pr\u00fcfungen weltweit. Alle Dantr\u00e4ger sind in der Kukkiwon-Datenbank registriert <a href=\"http:\/\/www.kukkiwon.or.kr\/front\/eng\/main2.action\">und k\u00f6nnen \u00f6ffentlich eingesehen werden<\/a>. Das verhindert F\u00e4lschungen und die Verbreitung unrechtm\u00e4\u00dfiger Graduierungen.<\/p>\n<p>Dan-Pr\u00fcfungen vom 1. bis zum 7. Dan k\u00f6nnen entweder zu den regelm\u00e4\u00dfigen Pr\u00fcfungsterminen im Kukkiwon oder bei einem registrierten Pr\u00fcfer des Kukkiwon abgelegt werden. Um Kukkiwon-Pr\u00fcfer zu werden muss man mindestens den 4. Dan besitzen und einen der Pr\u00fcferlizenzkurse des Kukkiwon absolviert haben. Dann kann man selbst offiziell Dan-Pr\u00fcfungen bis jeweils einen Grad unter dem eigenen abnehmen und Urkunden beim Kukkiwon beantragen. F\u00fcr den 8. oder 9. Dan muss man aber zur Pr\u00fcfung direkt im Kukkiwon vor einer Pr\u00fcfungskommission antreten. Jugendliche bis zum 15. Lebensjahr erhalten keinen Dan- (Meister-) Grad sondern einen Poom-Grad (rot\/schwarzer G\u00fcrtel). Mit Erreichen des 16. Lebensjahres wird der Poom-Grad dann in einen Dan-Grad umgewandelt.<\/p>\n<p>Es gibt insgesamt zehn Dan-Grade, die G\u00fcrtelfarbe ist bei allen schwarz. Ab wann die Bezeichnung &#8222;Gro\u00dfmeister&#8220; verwendet wird ist unterschiedlich. In \u00d6sterreich wird man meist ab dem 6. Dan als &#8222;Gro\u00dfmeister&#8220; angesprochen. In Korea erst ab dem 8. Dan. Durch Pr\u00fcfungen kann man h\u00f6chstens den 9. Dan erreichen. Der 10. Dan wird nur bei besonderen Verdiensten posthum verliehen. Einer der letzten Gro\u00dfmeister, dem diese Ehre zuteil wurde war Gro\u00dfmeister Lee Chong Woo, der am 8. August 2015 verstorben ist.<\/p>\n<p>Bei Dan-Pr\u00fcfungen bis zum 5. Dan im Kukkiwon werden die Bereiche Poomsae (Formen), Kyorugi (Freikampf) und Kyokpa (Bruchtest) gepr\u00fcft. Ab dem 6. Dan entfallen Freikampf und Bruchtest, daf\u00fcr muss man eine schriftliche Arbeit (Minimum 10 Seiten auf Koreanisch oder Englisch) \u00fcber ein bestimmtes Thema verfassen. Pr\u00fcflinge f\u00fcr den 8. und 9. Dan haben au\u00dferdem ein Interview mit dem Kukkiwon-Pr\u00e4sidenten und m\u00fcssen einen Taekwondo-spezifischen Lebenslauf abgeben. F\u00fcr die Anmeldung ist auch die Empfehlung eines Gro\u00dfmeisters mit dem 9. Dan notwendig. Die Pr\u00fcfung f\u00fcr h\u00f6here Dan-Grade im Kukkiwon l\u00e4uft so ab: zuerst ein vierst\u00fcndiges Technik-Training wo auch alle Poomsae ge\u00fcbt werden.*) Nach der Mittagspause dann Poomsae-Pr\u00fcfung vor der Pr\u00fcfungskommission und das Interview mit dem Kukkiwon-Pr\u00e4sidenten. Das Ergebnis der Pr\u00fcfung wird erst nach einer mehrw\u00f6chigen Wartefrist bekannt gegeben. Es ist keinesfalls so, dass man automatisch besteht. Auch koreanische Gro\u00dfmeister sind schon bei der Pr\u00fcfung zum 9. Dan durchgefallen.<\/p>\n<p>*) Seit 2023 ist ein zweit\u00e4giges Techniktraining im Kukkiwon notwendig.<\/p>\n<ul>\n<li><strong>Bei Pr\u00fcfungen zum 6. und 7. Dan, die nicht im Kukkiwon abgehalten werden &#8211; siehe weiter unten<\/strong><\/li>\n<\/ul>\n<p>F\u00fcr Dan-Pr\u00fcfungen bestehen gewisse Alters- und (Trainings-)Zeitvorgaben:<\/p>\n<table border=\"0\" width=\"560\" cellspacing=\"1\" cellpadding=\"3\" bgcolor=\"#cccccc\">\n<tbody>\n<tr>\n<td align=\"center\" bgcolor=\"#ffffff\">Pr\u00fcfung auf 1. Dan<\/td>\n<td align=\"center\" bgcolor=\"#ffffff\">etwa 3 &#8211; 4 Jahre Vorbereitungstraining<\/td>\n<td align=\"center\" bgcolor=\"#ffffff\">Mindestalter 15 Jahre<\/td>\n<\/tr>\n<tr>\n<td align=\"center\" bgcolor=\"#ffffff\">Pr\u00fcfung vom 1. auf den 2. Dan<\/td>\n<td align=\"center\" bgcolor=\"#ffffff\">1 Jahr<\/td>\n<td align=\"center\" bgcolor=\"#ffffff\">Mindestalter 16 Jahre<\/td>\n<\/tr>\n<tr>\n<td align=\"center\" bgcolor=\"#ffffff\">Pr\u00fcfung vom 2. auf den 3. Dan<\/td>\n<td align=\"center\" bgcolor=\"#ffffff\">2 Jahre<\/td>\n<td align=\"center\" bgcolor=\"#ffffff\">Mindestalter 18 Jahre<\/td>\n<\/tr>\n<tr>\n<td align=\"center\" bgcolor=\"#ffffff\">Pr\u00fcfung vom 3. auf den 4. Dan<\/td>\n<td align=\"center\" bgcolor=\"#ffffff\">3 Jahre<\/td>\n<td align=\"center\" bgcolor=\"#ffffff\">Mindestalter 21 Jahre<\/td>\n<\/tr>\n<tr>\n<td align=\"center\" bgcolor=\"#ffffff\">Pr\u00fcfung vom 4. auf den 5. Dan<\/td>\n<td align=\"center\" bgcolor=\"#ffffff\">4 Jahre<\/td>\n<td align=\"center\" bgcolor=\"#ffffff\">Mindestalter 25 Jahre<\/td>\n<\/tr>\n<tr>\n<td align=\"center\" bgcolor=\"#ffffff\">Pr\u00fcfung vom 5. auf den 6. Dan<\/td>\n<td align=\"center\" bgcolor=\"#ffffff\">5 Jahre<\/td>\n<td align=\"center\" bgcolor=\"#ffffff\">Mindestalter 30Jahre<\/td>\n<\/tr>\n<tr>\n<td align=\"center\" bgcolor=\"#ffffff\">Pr\u00fcfung vom 6. auf den 7. Dan<\/td>\n<td align=\"center\" bgcolor=\"#ffffff\">6 Jahre<\/td>\n<td align=\"center\" bgcolor=\"#ffffff\">Mindestalter 36 Jahre<\/td>\n<\/tr>\n<tr>\n<td align=\"center\" bgcolor=\"#ffffff\">Pr\u00fcfung vom 7. auf den 8. Dan<\/td>\n<td align=\"center\" bgcolor=\"#ffffff\">8 Jahre<\/td>\n<td align=\"center\" bgcolor=\"#ffffff\">Mindestalter 44 Jahre<\/td>\n<\/tr>\n<tr>\n<td align=\"center\" bgcolor=\"#ffffff\">Pr\u00fcfung vom 8.auf den 9. Dan<\/td>\n<td align=\"center\" bgcolor=\"#ffffff\">9 Jahre<\/td>\n<td align=\"center\" bgcolor=\"#ffffff\">Mindestalter 53 Jahre<\/td>\n<\/tr>\n<tr>\n<td align=\"center\" bgcolor=\"#ffffff\">Verleihung des 10. Dan<\/td>\n<td align=\"center\" bgcolor=\"#ffffff\"><\/td>\n<td align=\"center\" bgcolor=\"#ffffff\">Mindestalter 60 Jahre<\/td>\n<\/tr>\n<\/tbody>\n<\/table>\n<p>Bei Vorliegen gewisser Umst\u00e4nde kann die Wartezeit auf den n\u00e4chsth\u00f6heren Grad verk\u00fcrzt werden:<\/p>\n<ul>\n<li>Goldmedaille bei Olympischen Spielen: 100%<\/li>\n<li>Goldmedaille bei Taekwondo-Meisterschaften auf Weltniveau (z.B. WM): 80%<\/li>\n<li>Goldmedaille bei Taekwondo-Meisterschaften auf Kontinental-Niveau (z.B. EM): 60%<\/li>\n<li>Bei Verleihung einer Ehrenmedaille wegen besonderer Verdienste um die Verbreitung des Taekwondo durch den jeweiligen Landespr\u00e4sidenten: 50%<\/li>\n<\/ul>\n<p>Neben den verschiedenen anderen Teilen des jeweiligen Pr\u00fcfungsprogrammes werden in Korea die folgenden Formen bei Dan-Pr\u00fcfungen verlangt (in \u00d6sterreich sind es bis zum 5. Dan meist die Formen der n\u00e4chsten Stufe):<\/p>\n<table border=\"0\" width=\"560\" cellspacing=\"1\" cellpadding=\"3\" bgcolor=\"#cccccc\">\n<tbody>\n<tr>\n<td align=\"center\" bgcolor=\"#e4edda\" width=\"115\"><strong>Poom\/Dan<\/strong><\/td>\n<td align=\"center\" bgcolor=\"#e4edda\" width=\"332\"><strong>Auswahl (meist eine Form)<\/strong><\/td>\n<td align=\"center\" bgcolor=\"#e4edda\" width=\"91\"><strong>Verpflichtend<\/strong><\/td>\n<\/tr>\n<tr>\n<td align=\"center\" bgcolor=\"#ffffff\">1. Dan (Poom)<\/td>\n<td bgcolor=\"#ffffff\">Taegeuk 1 &#8211; 7 (1 ausgew\u00e4hlt)<\/td>\n<td align=\"center\" bgcolor=\"#ffffff\">Taegeuk 8<\/td>\n<\/tr>\n<tr>\n<td align=\"center\" bgcolor=\"#ffffff\">2. Dan (Poom)<\/td>\n<td bgcolor=\"#ffffff\">Taegeuk 1 &#8211; 8 (1 ausgew\u00e4hlt)<\/td>\n<td align=\"center\" bgcolor=\"#ffffff\">Koryo<\/td>\n<\/tr>\n<tr>\n<td align=\"center\" bgcolor=\"#ffffff\">3. Dan (Poom)<\/td>\n<td bgcolor=\"#ffffff\">Taegeuk 1 &#8211; 8 , Koryo (1 ausgew\u00e4hlt)<\/td>\n<td align=\"center\" bgcolor=\"#ffffff\">Keumkang<\/td>\n<\/tr>\n<tr>\n<td align=\"center\" bgcolor=\"#ffffff\">4. Dan (Poom)<\/td>\n<td bgcolor=\"#ffffff\">Taegeuk 1 &#8211; 8 , Koryo, Keumkang (1 ausgew\u00e4hlt)<\/td>\n<td align=\"center\" bgcolor=\"#ffffff\">Taebaek<\/td>\n<\/tr>\n<tr>\n<td align=\"center\" bgcolor=\"#ffffff\">5. Dan<\/td>\n<td bgcolor=\"#ffffff\">Taegeuk 1 &#8211; 8 , Koryo, Keumkang, Taebaek (1 ausgew\u00e4hlt)<\/td>\n<td align=\"center\" bgcolor=\"#ffffff\">Pyongwon<\/td>\n<\/tr>\n<tr>\n<td align=\"center\" bgcolor=\"#ffffff\">6.Dan<\/td>\n<td bgcolor=\"#ffffff\">Taebaek, Pyongwon, Sipjin (1 ausgew\u00e4hlt)<\/td>\n<td align=\"center\" bgcolor=\"#ffffff\">Jitae<\/td>\n<\/tr>\n<tr>\n<td align=\"center\" bgcolor=\"#ffffff\">7. Dan<\/td>\n<td bgcolor=\"#ffffff\">Pyongwon, Sipjin, Jitae (1 ausgew\u00e4hlt)<\/td>\n<td align=\"center\" bgcolor=\"#ffffff\">Cheonkwon<\/td>\n<\/tr>\n<tr>\n<td align=\"center\" bgcolor=\"#ffffff\">8. Dan<\/td>\n<td bgcolor=\"#ffffff\">Sipjin, Jitae, Cheonkwon (1 ausgew\u00e4hlt)<\/td>\n<td align=\"center\" bgcolor=\"#ffffff\">Hansoo<\/td>\n<\/tr>\n<tr>\n<td align=\"center\" bgcolor=\"#ffffff\">9. Dan<\/td>\n<td bgcolor=\"#ffffff\">Jitae, Cheonkwon, Hansoo (1 ausgew\u00e4hlt)<\/td>\n<td align=\"center\" bgcolor=\"#ffffff\">Illyo<\/td>\n<\/tr>\n<tr>\n<td align=\"center\" bgcolor=\"#ffffff\">10. Dan<\/td>\n<td colspan=\"2\" bgcolor=\"#ffffff\">Wird vom technischen Komitee entschieden<\/td>\n<\/tr>\n<\/tbody>\n<\/table>\n<p><strong>Bei Pr\u00fcfungen f\u00fcr den 6. und 7. Dan im Ausland<\/strong>, die also nicht im Kukkiwon abgenommen wurden, m\u00fcssen ab sofort alle drei erw\u00e4hnten Formen plus der Pflichtform auf Video aufgezeichnet werden. Zus\u00e4tzlich wird ca. eine Minute Freikampf mit Wettkampfausr\u00fcstung auf Video aufgenommen alle Videos m\u00fcssen per USB-Stick an das Kukkiwon geschickt werden.**) N\u00e4heres dazu <a href=\"http:\/\/kms.kukkiwon.or.kr\/usr\/notice.do?noticeSeq=12&amp;method=noticeView\">steht auf der Homepage des KMS<\/a> (Kukkiwon Membership System).<\/p>\n<p>**) Ab 2024 m\u00fcssen auch Anw\u00e4rter auf den 4. oder 5. Dan Videos mit den jeweiligen Formen einsenden.<\/p>\n<p>Falls ein Anw\u00e4rter aus anderen Verb\u00e4nden (z.B.: ITF) bereits einen entsprechenden Dan-Grad innehat kann eine Einstufung auf einen Kukkiwon-Dan-Grad erfolgen ohne vorhergehende andere Dan-Pr\u00fcfungen. Das entscheidet dann das Kukkiwon Promotion Committee.<\/p>\n<p>Das gesamte Pr\u00fcfungsprogramm des Kukkiwon kann hier (auf Englisch) angesehen werden:\u00a0<a href=\"http:\/\/www.kukkiwon.or.kr\/english\/examination\/examination08.jsp\">http:\/\/www.kukkiwon.or.kr\/english\/examination\/examination08.jsp<\/a><\/p>\n","protected":false},"excerpt":{"rendered":"<p>Das Kukkiwon verleiht und administriert s\u00e4mtliche Dan-Pr\u00fcfungen weltweit. Alle Dantr\u00e4ger sind in der Kukkiwon-Datenbank registriert und k\u00f6nnen \u00f6ffentlich eingesehen werden. Das verhindert F\u00e4lschungen und die Verbreitung unrechtm\u00e4\u00dfiger Graduierungen. Dan-Pr\u00fcfungen vom 1. bis zum 7. Dan k\u00f6nnen entweder zu den regelm\u00e4\u00dfigen <a class=\"more-link\" href=\"https:\/\/www.kmaa.at\/index.php\/kukkiwon-danprufungen\/\">Read More &#8230;<\/a><\/p>\n","protected":false},"author":1,"featured_media":0,"parent":0,"menu_order":0,"comment_status":"closed","ping_status":"closed","template":"","meta":{"footnotes":""},"class_list":["post-329","page","type-page","status-publish","hentry"],"_links":{"self":[{"href":"https:\/\/www.kmaa.at\/index.php\/wp-json\/wp\/v2\/pages\/329","targetHints":{"allow":["GET"]}}],"collection":[{"href":"https:\/\/www.kmaa.at\/index.php\/wp-json\/wp\/v2\/pages"}],"about":[{"href":"https:\/\/www.kmaa.at\/index.php\/wp-json\/wp\/v2\/types\/page"}],"author":[{"embeddable":true,"href":"https:\/\/www.kmaa.at\/index.php\/wp-json\/wp\/v2\/users\/1"}],"replies":[{"embeddable":true,"href":"https:\/\/www.kmaa.at\/index.php\/wp-json\/wp\/v2\/comments?post=329"}],"version-history":[{"count":9,"href":"https:\/\/www.kmaa.at\/index.php\/wp-json\/wp\/v2\/pages\/329\/revisions"}],"predecessor-version":[{"id":792,"href":"https:\/\/www.kmaa.at\/index.php\/wp-json\/wp\/v2\/pages\/329\/revisions\/792"}],"wp:attachment":[{"href":"https:\/\/www.kmaa.at\/index.php\/wp-json\/wp\/v2\/media?parent=329"}],"curies":[{"name":"wp","href":"https:\/\/api.w.org\/{rel}","templated":true}]}}