{"id":42,"date":"2017-10-06T22:22:12","date_gmt":"2017-10-06T22:22:12","guid":{"rendered":"http:\/\/kmaa.at\/?page_id=42"},"modified":"2017-10-07T07:21:57","modified_gmt":"2017-10-07T07:21:57","slug":"trainerausbildung","status":"publish","type":"page","link":"https:\/\/www.kmaa.at\/index.php\/trainerausbildung\/","title":{"rendered":"Trainerausbildung"},"content":{"rendered":"<div id=\"attachment_43\" style=\"width: 310px\" class=\"wp-caption alignleft\"><img loading=\"lazy\" decoding=\"async\" aria-describedby=\"caption-attachment-43\" class=\"size-medium wp-image-43\" src=\"https:\/\/www.kmaa.at\/wp-content\/uploads\/2017\/10\/PoomsaeLee2Web-300x176.jpg\" alt=\"\" width=\"300\" height=\"176\" srcset=\"https:\/\/www.kmaa.at\/wp-content\/uploads\/2017\/10\/PoomsaeLee2Web-300x176.jpg 300w, https:\/\/www.kmaa.at\/wp-content\/uploads\/2017\/10\/PoomsaeLee2Web-768x450.jpg 768w, https:\/\/www.kmaa.at\/wp-content\/uploads\/2017\/10\/PoomsaeLee2Web-1024x600.jpg 1024w, https:\/\/www.kmaa.at\/wp-content\/uploads\/2017\/10\/PoomsaeLee2Web.jpg 1280w\" sizes=\"auto, (max-width: 300px) 100vw, 300px\" \/><p id=\"caption-attachment-43\" class=\"wp-caption-text\">Trainerausbildung 2013 in Wien<\/p><\/div>\n<p>Eine der Hauptaufgaben des Kukkiwon ist die Trainerausbildung. Hier wird unterschieden in Trainerausbildung f\u00fcr Koreaner und f\u00fcr Ausl\u00e4nder. Koreaner m\u00fcssen einen mehrmonatigen Ausbildungskurs belegen, bevor sie die Trainerpr\u00fcfung ablegen und eine eigene Taekwondoschule er\u00f6ffnen k\u00f6nnen. Dieser Ausbildungsweg entspricht der staatlichen Trainerausbildung in \u00d6sterreich, mit\u00a0 dem Unterschied, dass in \u00d6sterreich f\u00fcr die Er\u00f6ffnung einer Taekwondoschule keinerlei formelle Ausbildung oder Erlaubnis notwendig ist. Damit ist leider auch die T\u00fcr f\u00fcr jene offen, die nicht \u00fcber eine entsprechende Qualifikation verf\u00fcgen.<\/p>\n<p>Nichtkoreaner k\u00f6nnen einen &#8222;<a href=\"https:\/\/www.kmaa.at\/index.php\/kukkiwon-trainerlizenz\/\">Foreign Instructor Course<\/a>&#8220; (jetzt: &#8222;<a href=\"https:\/\/www.kmaa.at\/index.php\/kukkiwon-trainerlizenz\/\">Kukkiwon Master Course<\/a>&#8222;) belegen, der komprimiert eine entsprechende Qualifikation und Zertifizierung bietet. Derartige Kurse wurden au\u00dferhalb Koreas erstmals in Wien (2013) angeboten, seitdem finden sie in unregelm\u00e4\u00dfigen Abst\u00e4nden weltweit statt.<\/p>\n<p>Au\u00dferdem bietet das Kukkiwon <a href=\"https:\/\/www.kmaa.at\/index.php\/kukkiwon-pruferlizenz\/\">Pr\u00fcferlizenzkurse<\/a> an, bei denen Lizenzen vergeben werden mit denen dann offizielle Danpr\u00fcfungen abgenommen und Kukkiwon Danurkunden angefordert werden k\u00f6nnen.<\/p>\n","protected":false},"excerpt":{"rendered":"<p>Eine der Hauptaufgaben des Kukkiwon ist die Trainerausbildung. Hier wird unterschieden in Trainerausbildung f\u00fcr Koreaner und f\u00fcr Ausl\u00e4nder. Koreaner m\u00fcssen einen mehrmonatigen Ausbildungskurs belegen, bevor sie die Trainerpr\u00fcfung ablegen und eine eigene Taekwondoschule er\u00f6ffnen k\u00f6nnen. Dieser Ausbildungsweg entspricht der staatlichen <a class=\"more-link\" href=\"https:\/\/www.kmaa.at\/index.php\/trainerausbildung\/\">Read More &#8230;<\/a><\/p>\n","protected":false},"author":1,"featured_media":0,"parent":0,"menu_order":0,"comment_status":"closed","ping_status":"closed","template":"","meta":{"footnotes":""},"class_list":["post-42","page","type-page","status-publish","hentry"],"_links":{"self":[{"href":"https:\/\/www.kmaa.at\/index.php\/wp-json\/wp\/v2\/pages\/42","targetHints":{"allow":["GET"]}}],"collection":[{"href":"https:\/\/www.kmaa.at\/index.php\/wp-json\/wp\/v2\/pages"}],"about":[{"href":"https:\/\/www.kmaa.at\/index.php\/wp-json\/wp\/v2\/types\/page"}],"author":[{"embeddable":true,"href":"https:\/\/www.kmaa.at\/index.php\/wp-json\/wp\/v2\/users\/1"}],"replies":[{"embeddable":true,"href":"https:\/\/www.kmaa.at\/index.php\/wp-json\/wp\/v2\/comments?post=42"}],"version-history":[{"count":7,"href":"https:\/\/www.kmaa.at\/index.php\/wp-json\/wp\/v2\/pages\/42\/revisions"}],"predecessor-version":[{"id":64,"href":"https:\/\/www.kmaa.at\/index.php\/wp-json\/wp\/v2\/pages\/42\/revisions\/64"}],"wp:attachment":[{"href":"https:\/\/www.kmaa.at\/index.php\/wp-json\/wp\/v2\/media?parent=42"}],"curies":[{"name":"wp","href":"https:\/\/api.w.org\/{rel}","templated":true}]}}